= -2*n - 4*u. Calculate the remainder when m is divided by n.
1
Let u(w) be the second derivative of w**3/3 - 4*w**2 + 15*w. What is the remainder when u(19) is divided by 18?
12
Suppose 3*i - 1297 = -4*u, 22*i - 21*i - 3*u - 428 = 0. What is the remainder when i is divided by 72?
71
Let f = 56 + -52. Suppose -f*m = 5*y - 21, m + 21 = -2*y + 6*y. Calculate the remainder when 16 is divided by y.
1
Let m = 13 - 26. Let x = 17 + m. Suppose 13 = -x*z + 33. Calculate the remainder when z is divided by 3.
2
Let f be (-314)/(-10) - (-2)/(-5). Let m be 1/9*3 - 260/(-30). Suppose 4*a - f - 5 = -4*q, 4*q + m = 5*a. Calculate the remainder when q is divided by 3.
1
Let c(v) = 4*v + 100. Let t be c(19). Let j = 216 - t. Calculate the remainder when j is divided by (-75)/(-7) - 4/(-14).
7
Let v = 29 - 26. Let s be (v/(-3))/((-4)/20). Suppose 2*b + 0*c + 4*c - 16 = 0, -b - s*c = -5. What is the remainder when 36 is divided by b?
6
Let q(h) = 4*h**3 + h**2 - h - 1. Let k be q(-1). Let p be (27 - 3)*(k - -2). Calculate the remainder when 35 is divided by (1/(-2))/(1/p).
11
Suppose 173 = 9*p - 7. Calculate the remainder when p is divided by 3 - (-6 - (-8)/4).
6
Let j(h) = 48*h + 1092. What is the remainder when 132 is divided by j(-20)?
0
Let h(c) = 16*c**2 - c + 1. Let g be h(1). Let v = 25 - g. What is the remainder when v is divided by 78/12 + (-1)/2?
3
Suppose -53*b + 49*b + 1056 = 0. Suppose 7*q - b = q. Calculate the remainder when q is divided by 13.
5
Let o(g) = 3*g**3 - 8*g**2 + 5*g - 7. Calculate the remainder when 87 is divided by o(3).
2
Let v = -759 - -812. What is the remainder when v is divided by 17?
2
Suppose 5*s + 3*l - 50 = 0, 0*l + 3*l + 41 = 2*s. Let t = -132 - -274. Let u = t - 91. Calculate the remainder when u is divided by s.
12
Suppose 39 = 2*n - 3*m, -n - 8 + 35 = m. Calculate the remainder when 309 is divided by n.
21
Suppose 5*l - 132 = -42. Let j be 4 + -2 + (265 - 2). Suppose -j = -0*p - 5*p. Calculate the remainder when p is divided by l.
17
Let o(w) = -9*w - 60. Calculate the remainder when 2229 is divided by o(-8).
9
Let x = -2389 - -2464. What is the remainder when 449 is divided by x?
74
Suppose -5*x + 5*i - 661 = -151, 0 = -x - 3*i - 118. Let j = x + 120. Calculate the remainder when j is divided by 5.
4
Let n = -1 + 2. Suppose 7*u - 96 = -u. Let x = u + -11. Calculate the remainder when n is divided by x.
0
What is the remainder when (30/8 + -2)/((-1)/(-4)) is divided by 4?
3
Suppose 2 = 2*a + a - 2*q, 11 = -a + 3*q. Let j = 21 - a. Calculate the remainder when j is divided by 9.
8
Let q(m) = 3*m + 32. Suppose -6*v - 80 = -32. Calculate the remainder when 21 is divided by q(v).
5
Suppose -4*r + 278 = -r + 5*v, 4*v + 87 = r. What is the remainder when -5*2/(-15)*(r - -2) is divided by 13?
10
Suppose 5*t = w + 290, -3*t + 78 = -w - 94. What is the remainder when 232 is divided by t?
55
Let b = 1 + -11. Let p = -10 + b. What is the remainder when (p/(-6))/(5/60) is divided by 21?
19
Let a = 10074 + -10046. Suppose -2*f + 1 = 2*w - w, f - 23 = 4*w. Suppose -f*h + 512 - 179 = 0. Calculate the remainder when h is divided by a.
27
Let u(r) = 9*r + 154. Calculate the remainder when u(0) is divided by 26.
24
Suppose 16*h - 12*h - 26 = 3*g, -4*h - 4*g + 40 = 0. Calculate the remainder when 79 is divided by h.
7
Suppose -21 = -4*u - 1. Suppose 3*q = u*q - 10. What is the remainder when 32 is divided by q?
2
Let w = -46 - -104. Let h = w + -40. Calculate the remainder when 47 is divided by h.
11
Let k(y) = 38*y - 54. What is the remainder when k(4) is divided by 9?
8
Suppose 3 = -9*f + 12*f. Suppose 4*l = -f + 33. Let q = l - -5. Calculate the remainder when 37 is divided by q.
11
Let q = -265 - -327. Calculate the remainder when q is divided by 17.
11
Suppose -3*q = 10 + 170. What is the remainder when 41 is divided by 65/3 - 20/q?
19
Let k be 393/4 - (-1)/(-4). Calculate the remainder when 4*33*3/36 is divided by k/(-21)*(-3)/2.
4
Let w be (1 - 0)*16/(-4). Let i be -26*w/(-1 - -5). Suppose 2*a - 2*c - 14 = 0, -2*a = -0*c + c - i. What is the remainder when 21 is divided by a?
10
Let k = 500 + -477. What is the remainder when 143 is divided by k?
5
Suppose 0 = -7*p - 38 + 234. Calculate the remainder when 135 is divided by p.
23
Suppose 0 = 5*h + 3*t + 6, -2*h + 0*t + 5*t + 10 = 0. Suppose h = -0*y - 7*y + 322. What is the remainder when y is divided by -1*(1 - -1)*-6?
10
Calculate the remainder when 8019/27 - 2*9/(-6) is divided by 76.
72
Let f(t) = -8*t + 1. Let c(y) = 2*y. Let j be c(-1). Let n be f(j). Suppose n + 39 = 4*m. Calculate the remainder when 41 is divided by m.
13
Let p(j) be the first derivative of -7*j**4/4 + 3*j**2/2 + 2*j + 4. Calculate the remainder when p(-2) is divided by (-196)/(-11) + (-6)/(-33).
16
Let b = 36 + -57. Calculate the remainder when 137 is divided by ((-4)/(-3) - 4)/(2/b).
25
Let v(o) = o**3 + 10*o**2 - o - 16. Let m be v(-11). Let r = m - -141. What is the remainder when 89 is divided by r?
14
Suppose 0 = 3*q - 9*q + 36. Suppose 2*a + s = -3*s + 24, 74 = 4*a - 5*s. What is the remainder when a is divided by q?
4
Suppose 5*s + 39 = -3*w + 379, 0 = 4*w + 2*s - 444. Calculate the remainder when w is divided by ((-92)/12)/((-2)/6).
18
Let w = 4 + 1. Suppose -4*f = w*a - 37, -2*a = -7*a - 2*f + 41. Calculate the remainder when 37 is divided by -6 + a + 14/2.
7
Let k(a) be the first derivative of -9*a**4/2 - a**3/3 + a**2/2 + a + 8. Calculate the remainder when 30 is divided by k(-1).
13
Let i be (-9)/(-6)*48/18. Suppose i*v = 27 + 29. What is the remainder when v is divided by 6?
2
Let x(d) = d**2 + 8. Let r be 3 + 5 - 2*1. Calculate the remainder when 129 is divided by x(r).
41
Let m = 2 - 1. Let w be m*(12/(-3) + -3). Calculate the remainder when 29 is divided by -6 + 6 - (w - 1).
5
What is the remainder when 81 is divided by 8 + (1 - 1) + 333 + -328?
3
Calculate the remainder when 113 is divided by (8 + -5 - -2) + 0 + 53.
55
Let h = -5 - -7. Suppose 2 = 2*n - 0*n. What is the remainder when n is divided by (1/2)/(h/4)?
0
Let u(v) = v**2 - 10*v - 8. Let t be u(11). Let r = -3 + 6. Suppose 0 = -t*g - y + 91, -r*g - g - 2*y + 118 = 0. What is the remainder when g is divided by 7?
4
Let u = 117 - 80. What is the remainder when u is divided by (45/6)/(3*3/12)?
7
Suppose -48*r = -62*r + 938. Calculate the remainder when 735 is divided by r.
65
Suppose 7*v - 5*v = -x + 434, -4*v = -3*x + 1322. Calculate the remainder when x is divided by 47.
15
Let f(q) = q**2 + 4*q - 7. Let h be f(-5). Let b = h + 4. Let t(i) = -i**3 + 2*i + 5. What is the remainder when t(0) is divided by b?
1
Let h be (24/150*-5)/((-2)/(-5)). Let o(u) = -4*u**3 + 3*u**2 - u - 3. Calculate the remainder when o(h) is divided by 25.
18
Suppose 0 = -20*r + 57*r - 333. Calculate the remainder when 346 is divided by r.
4
Let g = 1984 + -1899. Calculate the remainder when g is divided by 24.
13
Calculate the remainder when ((-1)/(-5) - (-14)/30)*45 is divided by 29.
1
Let b = 1992 + -1433. Calculate the remainder when b is divided by 57.
46
Suppose -2*j - g - 92 = -248, -3*j + 5*g = -221. What is the remainder when j is divided by 21?
14
Let c = 268 - 169. Suppose -4*q + 2*m = -92, m - 79 = -0*q - 3*q. Calculate the remainder when c is divided by q.
24
Let d(x) = 3*x**2 + 3*x + 40. Calculate the remainder when d(-6) is divided by 46.
38
Let t = -27 - -32. Let v = t + 3. Calculate the remainder when 1 is divided by 5 - v - (-2 + -2).
0
Suppose 80 = 19*f - 17*f. Calculate the remainder when 151 is divided by f.
31
Suppose -27 = -3*s + 6*f - 9*f, 2*s - 27 = -5*f. Calculate the remainder when s is divided by 6.
0
Suppose 0 = 24*b - 15*b - 72. What is the remainder when 0 + 1*-2 - -27 is divided by b?
1
Suppose 3*c = 4*n + 10, -3*c - 5*n - 1 = -2. Suppose -5*v - 9 = -4*g, c*v - 3*v = -3. Calculate the remainder when 15 is divided by g/33 + (-86)/(-11).
7
Suppose 7*y = -109 + 648. What is the remainder when y is divided by 39?
38
Let q be ((0 + 1)*-3)/(-1). Suppose 6*x - q = 5*x. Suppose -11*j - 71 = -192. Calculate the remainder when j is divided by x.
2
Let l(o) = -9*o**3 + 2*o**2 - 1. Let x be l(-1). Let y = -7 + x. Calculate the remainder when (-3)/((-1)/55*y) is divided by 14.
13
Suppose 0*r = 2*r + 4. Let y be (-700)/(-125)*(-70)/(-4). W